divided by 191?
186
What is the remainder when 209 is divided by 15?
14
Calculate the remainder when 314 is divided by 53.
49
What is the remainder when 557 is divided by 35?
32
What is the remainder when 1618 is divided by 1603?
15
What is the remainder when 33 is divided by 5?
3
What is the remainder when 18 is divided by 7?
4
Calculate the remainder when 19377 is divided by 190.
187
What is the remainder when 7 is divided by 5?
2
Calculate the remainder when 91 is divided by 27.
10
Calculate the remainder when 2749 is divided by 27.
22
Calculate the remainder when 832 is divided by 209.
205
What is the remainder when 12899 is divided by 50?
49
What is the remainder when 80 is divided by 35?
10
Calculate the remainder when 94 is divided by 35.
24
Calculate the remainder when 527 is divided by 32.
15
What is the remainder when 1680 is divided by 22?
8
Calculate the remainder when 216 is divided by 71.
3
Calculate the remainder when 1263 is divided by 103.
27
What is the remainder when 249 is divided by 33?
18
Calculate the remainder when 503 is divided by 132.
107
What is the remainder when 705 is divided by 51?
42
Calculate the remainder when 93 is divided by 35.
23
What is the remainder when 1263 is divided by 16?
15
Calculate the remainder when 16425 is divided by 382.
381
Calculate the remainder when 226 is divided by 83.
60
What is the remainder when 2191 is divided by 390?
241
Calculate the remainder when 136 is divided by 35.
31
Calculate the remainder when 83 is divided by 22.
17
What is the remainder when 488 is divided by 12?
8
Calculate the remainder when 154 is divided by 8.
2
What is the remainder when 175 is divided by 172?
3
Calculate the remainder when 76 is divided by 55.
21
What is the remainder when 2971 is divided by 149?
140
Calculate the remainder when 315 is divided by 53.
50
Calculate the remainder when 249 is divided by 23.
19
Calculate the remainder when 1239 is divided by 175.
14
Calculate the remainder when 3082 is divided by 63.
58
What is the remainder when 7 is divided by 2?
1
What is the remainder when 306 is divided by 4?
2
Calculate the remainder when 20 is divided by 5.
0
What is the remainder when 1903 is divided by 68?
67
Calculate the remainder when 946 is divided by 239.
229
What is the remainder when 233 is divided by 38?
5
Calculate the remainder when 168 is divided by 17.
15
Calculate the remainder when 127 is divided by 77.
50
What is the remainder when 6102 is divided by 15?
12
Calculate the remainder when 865 is divided by 15.
10
Calculate the remainder when 3087 is divided by 18.
9
Calculate the remainder when 3301 is divided by 127.
126
What is the remainder when 1589 is divided by 123?
113
What is the remainder when 130 is divided by 50?
30
What is the remainder when 3239 is divided by 47?
43
Calculate the remainder when 727 is divided by 289.
149
Calculate the remainder when 176 is divided by 161.
15
Calculate the remainder when 2614 is divided by 324.
22
What is the remainder when 191 is divided by 8?
7
Calculate the remainder when 53 is divided by 8.
5
Calculate the remainder when 202 is divided by 21.
13
What is the remainder when 242 is divided by 43?
27
What is the remainder when 235 is divided by 119?
116
What is the remainder when 438 is divided by 214?
10
Calculate the remainder when 690 is divided by 270.
150
What is the remainder when 3529 is divided by 11?
9
What is the remainder when 163 is divided by 83?
80
What is the remainder when 122 is divided by 33?
23
What is the remainder when 32 is divided by 21?
11
Calculate the remainder when 39 is divided by 23.
16
What is the remainder when 139 is divided by 18?
13
Calculate the remainder when 569 is divided by 293.
276
What is the remainder when 957 is divided by 137?
135
What is the remainder when 689 is divided by 186?
131
Calculate the remainder when 668 is divided by 24.
20
Calculate the remainder when 22 is divided by 2.
0
Calculate the remainder when 3998 is divided by 20.
18
What is the remainder when 446 is divided by 41?
36
Calculate the remainder when 4433 is divided by 1107.
5
What is the remainder when 340 is divided by 43?
39
What is the remainder when 3655 is divided by 68?
51
What is the remainder when 130 is divided by 71?
59
Calculate the remainder when 1621 is divided by 163.
154
What is the remainder when 277 is divided by 56?
53
What is the remainder when 153 is divided by 16?
9
Calculate the remainder when 226 is divided by 115.
111
Calculate the remainder when 435 is divided by 57.
36
What is the remainder when 86 is divided by 27?
5
What is the remainder when 1978 is divided by 140?
18
What is the remainder when 3458 is divided by 35?
28
What is the remainder when 211 is divided by 72?
67
Calculate the remainder when 665 is divided by 29.
27
Calculate the remainder when 536 is divided by 46.
30
What is the remainder when 5885 is divided by 7?
5
Calculate the remainder when 375 is divided by 47.
46
What is the remainder when 273 is divided by 96?
81
What is the remainder when 94 is divided by 37?
20
What is the remainder when 259 is divided by 77?
28
Calculate the remainder when 18589 is divided by 17.
8
Calculate the remainder when 5620 is divided by 14.
6
Calculate the remainder when 146 is divided by 35.
6
What is the remainder when 189 is divided by 47?
1
What is the remainder when 187 is divided by 14?
5
Calculate the remainder when 240 is divided by 125.
115
What is the remainder when 96 is divided by 34?
28
What is the remainder when 2855 is divided by 204?
203
What is the remainder when 193 is divided by 64?
1
What is the remainder when 240 is divided by 194?
46
What is the remainder when 152 is divided by 50?
2
What is the remainder when 3125 is divided by 131?
112
What is the remainder when 199 is divided by 17?
12
Calculate the remainder when 126 is divided by 47.
32
What is the remainder when 219 is divided by 37?
34
What is the remainder when 2583 is divided by 112?
7
What is the remainder when 1121 is divided by 34?
33
What is the remainder when 165 is divided by 46?
27
Calculate the remainder when 158 is divided by 71.
16
Calculate the remainder when 437 is divided by 434.
3
Calculate the remainder when 75 is divided by 7.
5
Calculate the remainder when 315 is divided by 40.
35
Calculate the remainder when 20 is divided by 14.
6
What is the remainder when 278 is divided by 28?
26
Calculate the remainder when 21 is divided by 11.
10
Calculate the remainder when 468 is divided by 462.
6
What is the remainder when 39 is divided by 4?
3
What is the remainder when 61 is divided by 16?
13
What is the remainder when 286 is divided by 17?
14
Calculate the remainder when 263 is divided by 24.
23
What is the remainder when 38 is divided by 23?
15
Calculate the remainder when 200 is divided by 29.
26
What is the remainder when 44 is divided by 5?
4
What is the remainder when 307 is divided by 27?
10
Calculate the remainder when 638 is divided by 65.
53
What is the remainder when 481 is divided by 97?
93
Calculate the remainder when 486 is divided by 45.
36
What is the remainder when 324 is divided by 25?
24
What is the remainder when 839 is divided by 40?
39
What is the remainder when 3439 is divided by 20?
19
What is the remainder when 2321 is divided by 379?
47
Calculate the remainder when 38 is divided by 5.
3
Calculate the remainder when 280 is divided by 52.
20
Calculate the remainder when 350 is divided by 60.
50
Calculate the remainder when 235 is divided by 45.
10
What is the remainder when 459 is divided by 411?
48
What is the remainder when 1256 is divided by 303?
44
What is the remainder when 1400 is divided by 282?
272
Calculate the remainder when 96 is divided by 22.
8
What is the remainder when 236 is divided by 218?
18
Calculate the remainder when 176 is divided by 59.
58
What is the remainder when 1773 is divided by 2?
1
Calculate the remainder when 27 is divided by 11.
5
What is the remainder when 25 is divided by 21?
4
Calculate the remainder when 575 is divided by 38.
5
What is the remainder when 156 is divided by 130?
26
What is the remainder when 2435 is divided by 23?
20
What is the remainder when 157 is divided by 44?
25
Calculate the remainder when 52 is divided by 28.
24
What is 